+ -130?
-3113
In base 10, what is 417 + 10?
427
In base 14, what is -27d3 - -6?
-27cb
In base 16, what is 2b1 - 3?
2ae
In base 5, what is 101 + -1104?
-1003
In base 13, what is 1a + -187?
-16a
In base 7, what is 2 + 1343?
1345
In base 14, what is 856 - -5?
85b
In base 16, what is -6 - -29?
23
In base 8, what is 74 + 5?
101
In base 16, what is -2 + -1bb?
-1bd
In base 10, what is -135 + 0?
-135
In base 13, what is 18 - c?
9
In base 4, what is -23 - 232?
-321
In base 16, what is 18c - 0?
18c
In base 3, what is -10110 + -102?
-10212
In base 14, what is -a6c8 - -4?
-a6c4
In base 6, what is -1 + 10034?
10033
In base 7, what is -435 + 4?
-431
In base 7, what is -3 + 3140?
3134
In base 10, what is -1 + -180?
-181
In base 5, what is -10 + -213?
-223
In base 13, what is 639 - -5?
641
In base 8, what is -14 - -525?
511
In base 16, what is -2 + -2b?
-2d
In base 9, what is -17 - 7?
-25
In base 4, what is -12 - 120?
-132
In base 12, what is 2 - -104b?
1051
In base 6, what is 12 + 24?
40
In base 12, what is 0 + 383?
383
In base 4, what is -12 + -1330?
-2002
In base 12, what is b + 78?
87
In base 11, what is -572 + -5?
-577
In base 7, what is -5 + -44?
-52
In base 16, what is 2 - -a9?
ab
In base 6, what is 202 - 4?
154
In base 2, what is -110010001 - 10?
-110010011
In base 2, what is -100100000 - 10100?
-100110100
In base 15, what is -8b + 8?
-83
In base 14, what is 265 + -2?
263
In base 5, what is -10324 + 2?
-10322
In base 5, what is -1440 + 1?
-1434
In base 13, what is -3a6 - -3?
-3a3
In base 7, what is 10 - -1224?
1234
In base 4, what is -2 - 213?
-221
In base 3, what is 122 - -100?
222
In base 13, what is 8b - 1?
8a
In base 5, what is -10030 - 1?
-10031
In base 14, what is -665 - 0?
-665
In base 14, what is 85 + 19?
a0
In base 6, what is 104 - 25?
35
In base 8, what is 175 - -32?
227
In base 14, what is -4d - -d?
-40
In base 11, what is -159 + 8?
-151
In base 16, what is 11 - 607?
-5f6
In base 8, what is -13462 + -1?
-13463
In base 2, what is 100 - 1100001?
-1011101
In base 10, what is 4 - -10?
14
In base 16, what is 1 - 1?
0
In base 7, what is 51 - -1?
52
In base 16, what is 5 - -1d?
22
In base 13, what is 6 - 321?
-318
In base 13, what is -7 - 1b8?
-1c2
In base 2, what is 11 + -101110?
-101011
In base 15, what is 3 + -86?
-83
In base 11, what is -301 - -56?
-256
In base 6, what is 2 + 23031?
23033
In base 14, what is -b9 + a?
-ad
In base 5, what is 23 - -4400?
4423
In base 12, what is -13 - -5?
-a
In base 14, what is 1 - -13d4?
13d5
In base 4, what is 11230103 + -3?
11230100
In base 7, what is -2004 - -3?
-2001
In base 14, what is 123 - 6?
11b
In base 14, what is -d6 - 4?
-da
In base 12, what is -129 + 2?
-127
In base 9, what is 0 + 2847?
2847
In base 7, what is 13 + -4?
6
In base 10, what is -1 - 126?
-127
In base 15, what is 1c + -3?
19
In base 8, what is -2032 - -11?
-2021
In base 14, what is -2 + -36?
-38
In base 9, what is -7 + -63?
-71
In base 5, what is -121 - -11?
-110
In base 11, what is -472 - 3?
-475
In base 2, what is -101 - 1100011100?
-1100100001
In base 3, what is -2 + -211?
-220
In base 4, what is -12212 - 1?
-12213
In base 16, what is -b + 9?
-2
In base 14, what is 3 - 29?
-26
In base 10, what is -544 + 0?
-544
In base 2, what is 1011010 + -100110?
110100
In base 16, what is 17 - -15?
2c
In base 15, what is 1 - -2aa?
2ab
In base 6, what is -115 - 54?
-213
In base 10, what is -940 + 4?
-936
In base 4, what is -1321322 + 1?
-1321321
In base 15, what is 472 + 3?
475
In base 2, what is 101000 - 1000?
100000
In base 8, what is 252 - 3?
247
In base 9, what is 66 - -2?
68
In base 6, what is 5 - -114?
123
In base 12, what is -774 + 18?
-758
In base 9, what is 7210 - -1?
7211
In base 12, what is 100 - -109?
209
In base 13, what is -83 + 7?
-79
In base 9, what is 1 + 22?
23
In base 12, what is -33 + -6?
-39
In base 2, what is -1001 + 100101010010?
100101001001
In base 11, what is 176 + 11?
187
In base 10, what is -953 + -10?
-963
In base 11, what is -18 + 7?
-11
In base 15, what is 8 - 9?
-1
In base 10, what is -5 - 66?
-71
In base 4, what is 232231 - -10?
232301
In base 10, what is -13 + 6?
-7
In base 12, what is 3 - -93?
96
In base 9, what is 0 - 123?
-123
In base 12, what is 5 - -80?
85
In base 10, what is 2 - 20?
-18
In base 3, what is 1 + 12001?
12002
In base 11, what is -2 - 35?
-37
In base 3, what is 2020 + 2100?
11120
In base 6, what is 25304 + -1?
25303
In base 12, what is 2b4 - 40?
274
In base 13, what is -1c5 + -1?
-1c6
In base 7, what is -4 + -2320?
-2324
In base 2, what is 0 - 10111001000?
-10111001000
In base 9, what is 13 - 103?
-80
In base 6, what is 5 - 54?
-45
In base 5, what is -4 + 134012?
134003
In base 8, what is -222 - 10?
-232
In base 7, what is 3 + 206?
212
In base 11, what is -44a + -5?
-454
In base 16, what is -56 + 1?
-55
In base 13, what is -1522 - -3?
-151c
In base 2, what is -1 - -1001?
1000
In base 12, what is -1283 - -2?
-1281
In base 14, what is -1a8 + 2?
-1a6
In base 4, what is 11020 + 2?
11022
In base 16, what is -1d - -5?
-18
In base 7, what is 1 - -2323?
2324
In base 4, what is -3 + -11303?
-11312
In base 12, what is b527 - -5?
b530
In base 10, what is -71 - 380?
-451
In base 8, what is -716 - 0?
-716
In base 9, what is 707 + 3?
711
In base 4, what is -1000 + -11?
-1011
In base 13, what is 18 - 83?
-68
In base 8, what is -1 - 107?
-110
In base 15, what is 5 - 11?
-b
In base 13, what is c + 91?
a0
In base 6, what is -11344 + 5?
-11335
In base 16, what is -625 - -c?
-619
In base 6, what is -100 + 243?
143
In base 9, what is 5 - 0?
5
In base 6, what is -522 - -103?
-415
In base 16, what is 3 + -171?
-16e
In base 12, what is -60 - -3?
-59
In base 12, what is -180 - 5?
-185
In base 7, what is -156 - -5?
-151
In base 8, what is 16 + 72?
110
In base 15, what is -4 - -36?
32
In base 7, what is 2313 + -1?
2312
In base 9, what is -1 + 57?
56
In base 14, what is -2cb - -2?
-2c9
In base 5, what is -42 + -3224?
-3321
In base 8, what is 31 - -15?
46
In base 12, what is -4 + 6a?
66
In base 2, what is -11 - 100010000011?
-100010000110
In base 13, what is -3 - 224?
-227
In base 2, what is -11 + -11100100101?
-11100101000
In base 12, what is -2570 + 5?
-2567
In base 11, what is 29 + 105?
133
In base 2, what is 1001 + 10000?
11001
In base 15, what is -5 - 5?
-a
In base 16, what is 157d + 1?
157e
In base 15, what is -3a + 0?
-3a
In base 15, what is -e - 11?
-20
In base 4, what is 11 - -20231?
20302
In base 8, what is -6 - -7?
1
In base 9, what is -20 - -1?
-18
In base 13, what is 112b + -4?
1127
In base 4, what is 100 - -1132?
1232
In base 8, what is -2002 - -1?
-2001
In base 9, what is 43 - 306?
-253
In base 13, what is -13b0 + -2?
-13b2
In base 5, what is 11 + -32323?
-32312
In base 5, what is 3 - -210?
213
In base 11, what is 2 - -9a?
a1
In base 10, what is -1718 - 4?
-1722
In base 13, what is 0 - -271?
271
In base 14, what is 20 - 7?
17
In base 8, what is 4 - -304?
310
In base 5, what is -12143 + 0?
-12143
In base 6, what is -30 + 235?
205
In base 14, what is aa + -2?
a8
In base 12, what is 5 + -31b?
-316
In base 9, what is 1 - 6?
-5
In base 5, what is -44 + 111?
12
In base 12, what is 17 - 12b?
-114
In base 4, what is 100021 - 11?
100010
In base 2, what is -10 - 1100100100001?
-1100100100011
In base 3, what is 200 + -2?
121
In base 14, what is 4 - -dc2?
dc6
In base 7, what is -6 - 162?
-201
In base 2, what is 10100010 + 0?
10100010
In base 12, what is 5 - 25?
-20
In base 9, what is -3 - 137?
-141
In base 13, what is -9 + 96?
8a
In base 14, what is c2c + 0?
c2c
In base 4, what is 23 - -11330?
12013
In base 3, what is 11 - -111?
122
In base 4, what is -21101200 + 11?
-21101123
In base 13, what is -112 - -3b?
-a4
In base 16, what is cc - 40?
8c
In base 15, what is -31 - -5?
-2b
In base 13, what is -1 - 295?
-296
In base 5, what is -10 + 2210?
2200
In base 16, what is -3 + -c3?
-c6
In base 9, what is 10 + 43?
53
In base 4, what is 1201 + 0?
1201
In base 3, what is 12 - 2212?
-2200
In base 12, what is 193 - -5?
198
In base 8, what is -125 + -1?
-126
In base 11, what is 6 - 4?
2
In base 3, what is 110 + 1002?
1112
In base 11, what is -1a + 3?
-17
In base 4, what is 3221 - 11?
3210
In base 6, what is -150 + -30?
-220
In base 16, what is 47 - 3?
44
In base 8, what is -12 - 545?
-557
In base 11, what is aa - -2?
101
In base 12